{"id":233,"date":"2022-10-05T12:42:55","date_gmt":"2022-10-05T12:42:55","guid":{"rendered":"https:\/\/schuenemann-ferienwohnung.de\/?page_id=233"},"modified":"2022-11-03T15:27:48","modified_gmt":"2022-11-03T15:27:48","slug":"umgebung","status":"publish","type":"page","link":"https:\/\/schuenemann-ferienwohnung.de\/index.php\/umgebung\/","title":{"rendered":"Altenbeken &#038; Umgebung"},"content":{"rendered":"<p>[et_pb_section fb_built=&#8220;1&#8243; _builder_version=&#8220;4.18.0&#8243; _module_preset=&#8220;default&#8220; background_color=&#8220;rgba(200,219,146,0.52)&#8220; background_enable_mask_style=&#8220;on&#8220; background_mask_style=&#8220;wave&#8220; background_mask_color=&#8220;rgba(167,206,105,0.63)&#8220; background_mask_transform=&#8220;invert&#8220; background_mask_aspect_ratio=&#8220;portrait&#8220; background_mask_blend_mode=&#8220;overlay&#8220; custom_padding=&#8220;94px|||||&#8220; global_colors_info=&#8220;{}&#8220;][et_pb_row _builder_version=&#8220;4.18.0&#8243; _module_preset=&#8220;default&#8220; background_color=&#8220;RGBA(255,255,255,0)&#8220; background_image=&#8220;https:\/\/schuenemann-ferienwohnung.de\/wp-content\/uploads\/2022\/10\/viadukt-af.png&#8220; background_blend=&#8220;darken&#8220; min_height=&#8220;543.9px&#8220; custom_margin=&#8220;|auto|141px|auto||&#8220; custom_padding=&#8220;||101px|||&#8220; border_radii=&#8220;on|10px|10px|10px|10px&#8220; global_colors_info=&#8220;{}&#8220;][et_pb_column type=&#8220;4_4&#8243; admin_label=&#8220;Spalte&#8220; _builder_version=&#8220;4.18.0&#8243; _module_preset=&#8220;default&#8220; global_colors_info=&#8220;{}&#8220;][et_pb_text _builder_version=&#8220;4.18.0&#8243; _module_preset=&#8220;default&#8220; text_font=&#8220;Bad Script|700|||||||&#8220; text_text_color=&#8220;#FFFFFF&#8220; text_font_size=&#8220;52px&#8220; text_letter_spacing=&#8220;6px&#8220; text_line_height=&#8220;2.2em&#8220; text_orientation=&#8220;justified&#8220; custom_margin=&#8220;||24px||false|false&#8220; custom_padding=&#8220;30px|28px|0px|30px|false|false&#8220; text_text_shadow_style=&#8220;preset2&#8243; locked=&#8220;off&#8220; global_colors_info=&#8220;{}&#8220;]<\/p>\n<p style=\"text-align: left;\">Willkommen in Altenbeken<\/p>\n<p>[\/et_pb_text][et_pb_text _builder_version=&#8220;4.18.0&#8243; _module_preset=&#8220;default&#8220; text_font=&#8220;|600|||||||&#8220; text_text_color=&#8220;#FFFFFF&#8220; text_font_size=&#8220;18px&#8220; text_line_height=&#8220;1.8em&#8220; background_color=&#8220;RGBA(255,255,255,0)&#8220; background_layout=&#8220;dark&#8220; min_height=&#8220;161px&#8220; custom_margin=&#8220;|10px||20px|false|false&#8220; custom_padding=&#8220;10px|10px|3px|30px|false|false&#8220; border_radii=&#8220;on|10px|10px|10px|10px&#8220; global_colors_info=&#8220;{}&#8220;]<\/p>\n<div class=\"page-header\">\n<h2 style=\"text-align: left;\"><\/h2>\n<\/div>\n<p>In Altenbeken finden Sie zahlreiche Freizeitm\u00f6glichkeiten und auch eine umfangreiche Nahversorgung.<br \/>\u00dcberregional bekannt ist Altenbeken unter anderem durch das alle 2 Jahre stattfindende Vivat Viadukt Fest. Diese Veranstaltung lockt Eisenbahnfans aus dem gesamten Bundesgebiet und den Nachbarl\u00e4ndern in unsere Stadt<\/p>\n<p>[\/et_pb_text][\/et_pb_column][\/et_pb_row][et_pb_row column_structure=&#8220;1_3,1_3,1_3&#8243; _builder_version=&#8220;4.18.0&#8243; _module_preset=&#8220;default&#8220; custom_margin=&#8220;-8px|auto||auto||&#8220; global_colors_info=&#8220;{}&#8220;][et_pb_column type=&#8220;1_3&#8243; _builder_version=&#8220;4.18.0&#8243; _module_preset=&#8220;default&#8220; global_colors_info=&#8220;{}&#8220;][et_pb_blurb title=&#8220;Schwimmen&#8220; use_icon=&#8220;on&#8220; font_icon=&#8220;&#xf5c5;||fa||900&#8243; icon_color=&#8220;#12876F&#8220; _builder_version=&#8220;4.18.0&#8243; _module_preset=&#8220;default&#8220; header_font=&#8220;|600|||||||&#8220; header_text_align=&#8220;center&#8220; global_colors_info=&#8220;{}&#8220;]<\/p>\n<p>Wer gerne ein paar Runden schwimmen m\u00f6chte, findet im<strong> <a href=\"https:\/\/www.altenbeken.de\/de\/gemeinde\/bildung-und-soziales\/sportstaetten-hallenbad.php\" target=\"_blank\" rel=\"noopener\" title=\"Hallenbad Altenbeken\">Hallenbad Altenbeken<\/a> <\/strong>sein Gl\u00fcck. Leider ist das Schwimmbad allerdings wegen Umbauma\u00dfnahmen (vorauss. bis 31.3.2023) aktuell gesperrt.<\/p>\n<p>[\/et_pb_blurb][\/et_pb_column][et_pb_column type=&#8220;1_3&#8243; _builder_version=&#8220;4.18.0&#8243; _module_preset=&#8220;default&#8220; global_colors_info=&#8220;{}&#8220;][et_pb_blurb title=&#8220;Wellness und Therme&#8220; use_icon=&#8220;on&#8220; font_icon=&#8220;&#xf593;||fa||900&#8243; icon_color=&#8220;#12876F&#8220; _builder_version=&#8220;4.18.0&#8243; _module_preset=&#8220;default&#8220; header_font=&#8220;|600|||||||&#8220; header_text_align=&#8220;center&#8220; global_colors_info=&#8220;{}&#8220;]<\/p>\n<p>Sauna und Wellnessfreunde finden in der n\u00e4heren Umgebung Thermen zur Entspannung. Hier bieten sich die sch\u00f6nen Wellnessparks in <strong><a href=\"https:\/\/www.driburg-therme.de\/\" target=\"_blank\" rel=\"noopener\" title=\"Therme Bad Driburg\">Bad Driburg<\/a><\/strong> und in<strong> <a href=\"https:\/\/www.westfalen-therme.de\/\" target=\"_blank\" rel=\"noopener\" title=\"NRW Therme Badd Lippspringe\">Bad Lippspringe<\/a><\/strong>\u00a0 an.<\/p>\n<p>[\/et_pb_blurb][\/et_pb_column][et_pb_column type=&#8220;1_3&#8243; _builder_version=&#8220;4.18.0&#8243; _module_preset=&#8220;default&#8220; global_colors_info=&#8220;{}&#8220;][et_pb_blurb title=&#8220;Kletterparks&#8220; use_icon=&#8220;on&#8220; font_icon=&#8220;&#xf6fc;||fa||900&#8243; icon_color=&#8220;#12876F&#8220; _builder_version=&#8220;4.18.0&#8243; _module_preset=&#8220;default&#8220; header_font=&#8220;|600|||||||&#8220; header_text_align=&#8220;center&#8220; global_colors_info=&#8220;{}&#8220;]<\/p>\n<p>Wer gerne einmal hoch hinaus m\u00f6chte, kann das in einem der Kletterparks in der Umgebung versuchen. In <a href=\"https:\/\/www.paderkletterpark.de\/\" target=\"_blank\" rel=\"noopener\" title=\"Klettern in Paderborn\"><strong>Paderborn<\/strong><\/a> und in<strong> <a href=\"https:\/\/www.interakteam.de\/\" target=\"_blank\" rel=\"noopener\" title=\"Klettern in Detmold\">Detmold<\/a><\/strong> finden gro\u00dfe und kleine Kletterer ihre Herausforderung.<\/p>\n<p>[\/et_pb_blurb][\/et_pb_column][\/et_pb_row][et_pb_row column_structure=&#8220;1_6,1_6,1_6,1_6,1_6,1_6&#8243; _builder_version=&#8220;4.18.0&#8243; _module_preset=&#8220;default&#8220; global_colors_info=&#8220;{}&#8220;][et_pb_column type=&#8220;1_6&#8243; _builder_version=&#8220;4.18.0&#8243; _module_preset=&#8220;default&#8220; global_colors_info=&#8220;{}&#8220;][et_pb_icon font_icon=&#8220;&#xe006;||divi||400&#8243; icon_color=&#8220;#12876f&#8220; url=&#8220;#Ausflug&#8220; module_id=&#8220;Ausflug&#8220; _builder_version=&#8220;4.18.0&#8243; _module_preset=&#8220;default&#8220; global_colors_info=&#8220;{}&#8220;][\/et_pb_icon][et_pb_text _builder_version=&#8220;4.18.0&#8243; _module_preset=&#8220;default&#8220; text_font=&#8220;|600|||||||&#8220; text_text_color=&#8220;#242424&#8243; text_font_size=&#8220;18px&#8220; custom_margin=&#8220;-10px||0px||false|false&#8220; custom_padding=&#8220;0px||0px||false|false&#8220; link_option_url=&#8220;#Ausflug&#8220; global_colors_info=&#8220;{}&#8220;]<\/p>\n<p style=\"text-align: center;\">Ausflugsziele<\/p>\n<p>[\/et_pb_text][\/et_pb_column][et_pb_column type=&#8220;1_6&#8243; _builder_version=&#8220;4.18.0&#8243; _module_preset=&#8220;default&#8220; global_colors_info=&#8220;{}&#8220;][et_pb_icon font_icon=&#8220;&#xf2e7;||fa||900&#8243; icon_color=&#8220;#12876f&#8220; url=&#8220;#Restaurant&#8220; _builder_version=&#8220;4.18.0&#8243; _module_preset=&#8220;default&#8220; global_colors_info=&#8220;{}&#8220;][\/et_pb_icon][et_pb_text _builder_version=&#8220;4.18.0&#8243; _module_preset=&#8220;default&#8220; text_font=&#8220;|600|||||||&#8220; text_text_color=&#8220;#242424&#8243; text_font_size=&#8220;18px&#8220; custom_margin=&#8220;-10px||0px||false|false&#8220; custom_padding=&#8220;0px||0px||false|false&#8220; link_option_url=&#8220;#Restaurant&#8220; global_colors_info=&#8220;{}&#8220;]<\/p>\n<p style=\"text-align: center;\">Cafe\u00b4s &amp; Restaurants<\/p>\n<p>[\/et_pb_text][\/et_pb_column][et_pb_column type=&#8220;1_6&#8243; _builder_version=&#8220;4.18.0&#8243; _module_preset=&#8220;default&#8220; global_colors_info=&#8220;{}&#8220;][et_pb_icon font_icon=&#8220;&#xf07a;||fa||900&#8243; icon_color=&#8220;#12876f&#8220; url=&#8220;#Einkaufen&#8220; _builder_version=&#8220;4.18.0&#8243; _module_preset=&#8220;default&#8220; global_colors_info=&#8220;{}&#8220;][\/et_pb_icon][et_pb_text _builder_version=&#8220;4.18.0&#8243; _module_preset=&#8220;default&#8220; text_font=&#8220;|600|||||||&#8220; text_text_color=&#8220;#242424&#8243; text_font_size=&#8220;18px&#8220; custom_margin=&#8220;-10px||0px||false|false&#8220; custom_padding=&#8220;0px||0px||false|false&#8220; link_option_url=&#8220;#Einkaufen&#8220; global_colors_info=&#8220;{}&#8220;]<\/p>\n<p style=\"text-align: center;\">Einkaufen<\/p>\n<p>[\/et_pb_text][\/et_pb_column][et_pb_column type=&#8220;1_6&#8243; _builder_version=&#8220;4.18.0&#8243; _module_preset=&#8220;default&#8220; global_colors_info=&#8220;{}&#8220;][et_pb_icon font_icon=&#8220;&#xf19c;||fa||900&#8243; icon_color=&#8220;#12876f&#8220; url=&#8220;#Banken&#8220; module_id=&#8220;#Banken&#8220; _builder_version=&#8220;4.18.0&#8243; _module_preset=&#8220;default&#8220; global_colors_info=&#8220;{}&#8220;][\/et_pb_icon][et_pb_text _builder_version=&#8220;4.18.0&#8243; _module_preset=&#8220;default&#8220; text_font=&#8220;|600|||||||&#8220; text_text_color=&#8220;#242424&#8243; text_font_size=&#8220;18px&#8220; custom_margin=&#8220;-10px||0px||false|false&#8220; custom_padding=&#8220;0px||0px||false|false&#8220; link_option_url=&#8220;#Banken&#8220; global_colors_info=&#8220;{}&#8220;]<\/p>\n<p style=\"text-align: center;\">Banken<\/p>\n<p>[\/et_pb_text][\/et_pb_column][et_pb_column type=&#8220;1_6&#8243; _builder_version=&#8220;4.18.0&#8243; _module_preset=&#8220;default&#8220; global_colors_info=&#8220;{}&#8220;][et_pb_icon font_icon=&#8220;&#xf52f;||fa||900&#8243; icon_color=&#8220;#12876f&#8220; url=&#8220;#Tanken&#8220; _builder_version=&#8220;4.18.0&#8243; _module_preset=&#8220;default&#8220; global_colors_info=&#8220;{}&#8220;][\/et_pb_icon][et_pb_text _builder_version=&#8220;4.18.0&#8243; _module_preset=&#8220;default&#8220; text_font=&#8220;|600|||||||&#8220; text_text_color=&#8220;#242424&#8243; text_font_size=&#8220;18px&#8220; custom_margin=&#8220;-10px||0px||false|false&#8220; custom_padding=&#8220;0px||0px||false|false&#8220; link_option_url=&#8220;#Tanken&#8220; global_colors_info=&#8220;{}&#8220;]<\/p>\n<p style=\"text-align: center;\">Tankstellen<\/p>\n<p>[\/et_pb_text][\/et_pb_column][et_pb_column type=&#8220;1_6&#8243; _builder_version=&#8220;4.18.0&#8243; _module_preset=&#8220;default&#8220; global_colors_info=&#8220;{}&#8220;][et_pb_icon font_icon=&#8220;&#xf0f0;||fa||900&#8243; icon_color=&#8220;#12876f&#8220; url=&#8220;#Apotheken&#8220; _builder_version=&#8220;4.18.0&#8243; _module_preset=&#8220;default&#8220; global_colors_info=&#8220;{}&#8220;][\/et_pb_icon][et_pb_text _builder_version=&#8220;4.18.0&#8243; _module_preset=&#8220;default&#8220; text_font=&#8220;|600|||||||&#8220; text_text_color=&#8220;#242424&#8243; text_font_size=&#8220;18px&#8220; custom_margin=&#8220;-10px||0px||false|false&#8220; custom_padding=&#8220;0px||0px||false|false&#8220; link_option_url=&#8220;#Apotheken&#8220; global_colors_info=&#8220;{}&#8220;]<\/p>\n<p style=\"text-align: center;\">\u00c4rzte &amp; Apotheken<\/p>\n<p>[\/et_pb_text][\/et_pb_column][\/et_pb_row][et_pb_row admin_label=&#8220;Zeile&#8220; _builder_version=&#8220;4.18.0&#8243; _module_preset=&#8220;default&#8220; global_colors_info=&#8220;{}&#8220;][et_pb_column type=&#8220;4_4&#8243; _builder_version=&#8220;4.18.0&#8243; _module_preset=&#8220;default&#8220; global_colors_info=&#8220;{}&#8220;][et_pb_divider color=&#8220;#12876f&#8220; _builder_version=&#8220;4.18.0&#8243; _module_preset=&#8220;default&#8220; global_colors_info=&#8220;{}&#8220;][\/et_pb_divider][\/et_pb_column][\/et_pb_row][et_pb_row admin_label=&#8220;Ausflugsziele&#8220; module_id=&#8220;Ausflug&#8220; _builder_version=&#8220;4.18.0&#8243; _module_preset=&#8220;default&#8220; global_colors_info=&#8220;{}&#8220;][et_pb_column type=&#8220;4_4&#8243; _builder_version=&#8220;4.18.0&#8243; _module_preset=&#8220;default&#8220; global_colors_info=&#8220;{}&#8220;][et_pb_blurb title=&#8220;Ausflugsziele | In und um Altenbeken mit Entfernungsangaben ab Ferienwohnung&#8220; use_icon=&#8220;on&#8220; font_icon=&#8220;&#xe006;||divi||400&#8243; icon_color=&#8220;#12876F&#8220; content_max_width=&#8220;1100px&#8220; module_id=&#8220;Ausflug&#8220; _builder_version=&#8220;4.18.0&#8243; _module_preset=&#8220;default&#8220; header_font=&#8220;|600|||||||&#8220; text_orientation=&#8220;center&#8220; global_colors_info=&#8220;{}&#8220;]<\/p>\n<table style=\"height: 720px; width: 1054px; border-style: none; float: left;\" width=\"1078\">\n<tbody>\n<tr style=\"height: 20px;\">\n<td style=\"height: 24px; width: 573.8px;\"><\/td>\n<td style=\"width: 480.2px; height: 24px;\"><strong>Distanz in Km<\/strong><\/td>\n<\/tr>\n<tr style=\"height: 30px;\">\n<td style=\"width: 573.8px; height: 40px; border-style: none;\">Dampflok BR 044 am Museum Altenbeken<\/td>\n<td style=\"width: 480.2px; height: 50px;\">1 km<\/td>\n<\/tr>\n<tr style=\"height: 30px; border-style: none;\">\n<td style=\"width: 573.8px; height: 50px;\">Modellbahnanlage Bad Driburg<\/td>\n<td style=\"width: 480.2px; height: 50px;\">12 km<\/td>\n<\/tr>\n<tr style=\"height: 30px;\">\n<td style=\"width: 573.8px; height: 50px;\">Salzgrotte Bad Driburg<\/td>\n<td style=\"width: 480.2px; height: 50px;\">12 km<\/td>\n<\/tr>\n<tr style=\"height: 30px;\">\n<td style=\"width: 573.8px; height: 50px;\">Wasserschloss Heerse Heimatmuseum<\/td>\n<td style=\"width: 480.2px; height: 50px;\">14 km<\/td>\n<\/tr>\n<tr style=\"height: 30px;\">\n<td style=\"width: 573.8px; height: 50px;\">Traktoren Museum Paderborn<\/td>\n<td style=\"width: 480.2px; height: 50px;\">15 km<\/td>\n<\/tr>\n<tr style=\"height: 30px;\">\n<td style=\"width: 573.8px; height: 50px;\">Kirchen in Paderborn z. B. Dom mit Kaiserpfalz<\/td>\n<td style=\"width: 480.2px; height: 50px;\">18 km<\/td>\n<\/tr>\n<tr style=\"height: 30px;\">\n<td style=\"width: 573.8px; height: 50px;\">Externsteine Naturdenkmal<\/td>\n<td style=\"width: 480.2px; height: 50px;\">15 km<\/td>\n<\/tr>\n<tr style=\"height: 30px;\">\n<td style=\"width: 573.8px; height: 50px;\">Hermannsdenkmal<\/td>\n<td style=\"width: 480.2px; height: 50px;\">22 km<\/td>\n<\/tr>\n<tr style=\"height: 30px;\">\n<td style=\"width: 573.8px; height: 50px;\">Adlerwarte Berlebeck<\/td>\n<td style=\"width: 480.2px; height: 50px;\">22 km<\/td>\n<\/tr>\n<tr style=\"height: 30px;\">\n<td style=\"width: 573.8px; height: 50px;\">Westf\u00e4lisches Freilichtmuseum Detmold<\/td>\n<td style=\"width: 480.2px; height: 50px;\">23 km<\/td>\n<\/tr>\n<tr style=\"height: 30px;\">\n<td style=\"width: 573.8px; height: 50px;\">Westf\u00e4lisches Landesmuseum Detmold<\/td>\n<td style=\"width: 480.2px; height: 50px;\">25 km<\/td>\n<\/tr>\n<\/tbody>\n<\/table>\n<p>[\/et_pb_blurb][\/et_pb_column][\/et_pb_row][et_pb_row admin_label=&#8220;Restaurants&#8220; module_id=&#8220;Restaurant&#8220; _builder_version=&#8220;4.18.0&#8243; _module_preset=&#8220;default&#8220; global_colors_info=&#8220;{}&#8220;][et_pb_column type=&#8220;4_4&#8243; _builder_version=&#8220;4.18.0&#8243; _module_preset=&#8220;default&#8220; global_colors_info=&#8220;{}&#8220;][et_pb_divider color=&#8220;#12876f&#8220; _builder_version=&#8220;4.18.0&#8243; _module_preset=&#8220;default&#8220; global_colors_info=&#8220;{}&#8220;][\/et_pb_divider][et_pb_blurb title=&#8220;Restaurant &#038; Cafe\u00b4s in der Umgebung&#8220; use_icon=&#8220;on&#8220; font_icon=&#8220;&#xf2e7;||fa||900&#8243; icon_color=&#8220;#12876F&#8220; content_max_width=&#8220;1100px&#8220; module_id=&#8220;Ausflug&#8220; _builder_version=&#8220;4.18.0&#8243; _module_preset=&#8220;default&#8220; header_font=&#8220;|600|||||||&#8220; text_orientation=&#8220;center&#8220; global_colors_info=&#8220;{}&#8220;]<\/p>\n<table style=\"height: 447px; border-style: none; width: 1063px; float: left;\" width=\"745\">\n<tbody>\n<tr style=\"height: 24px;\">\n<td style=\"height: 24px; width: 354.333px;\">Pizzeria Da Gloria<\/td>\n<td style=\"height: 24px; width: 354.333px;\">05255 6787<\/td>\n<td style=\"height: 24px; width: 354.333px;\">Adenauerstr. 68<\/td>\n<\/tr>\n<tr style=\"height: 24px;\">\n<td style=\"height: 24px; width: 354.333px;\">Friedenstal Brauckmann<\/td>\n<td style=\"height: 24px; width: 354.333px;\">05255 6152<\/td>\n<td style=\"height: 24px; width: 354.333px;\">H\u00fcttemstr: 42<\/td>\n<\/tr>\n<tr style=\"height: 24px; border-style: none;\">\n<td style=\"height: 24px; width: 354.333px;\">Rudolphi<\/td>\n<td style=\"height: 24px; width: 354.333px;\">05255 246<\/td>\n<td style=\"height: 24px; width: 354.333px;\">Alter Kirchweg 9<\/td>\n<\/tr>\n<tr style=\"height: 24px;\">\n<td style=\"height: 24px; width: 354.333px;\">Eiscafe Molin<\/td>\n<td style=\"height: 24px; width: 354.333px;\">05255 932612<\/td>\n<td style=\"height: 24px; width: 354.333px;\">Adenauerstr. 64<\/td>\n<\/tr>\n<tr style=\"height: 24px;\">\n<td style=\"height: 24px; width: 354.333px; border-style: none;\">Pizzeria El Mondo<\/td>\n<td style=\"height: 24px; width: 354.333px;\">05255 933122<\/td>\n<td style=\"height: 24px; width: 354.333px;\">Adenauerstr. 74<\/td>\n<\/tr>\n<tr style=\"height: 24px;\">\n<td style=\"height: 24px; width: 354.333px;\">Museumsstuben<\/td>\n<td style=\"height: 24px; width: 354.333px;\">05255 9349757<\/td>\n<td style=\"height: 24px; width: 354.333px;\">Alter Kirchweg 7<\/td>\n<\/tr>\n<tr style=\"height: 24px;\">\n<td style=\"height: 24px; width: 354.333px;\">Zum Eichborn, Buke<\/td>\n<td style=\"height: 24px; width: 354.333px;\">05255 2388637<\/td>\n<td style=\"height: 24px; width: 354.333px;\">Dorfstr. 43<\/td>\n<\/tr>\n<tr style=\"height: 24px;\">\n<td style=\"height: 24px; width: 354.333px;\">Ruth\u2019s Knotenpunkt<\/td>\n<td style=\"height: 24px; width: 354.333px;\">05255 7949<\/td>\n<td style=\"height: 24px; width: 354.333px;\">Christian-Sch\u00fctze-Str. 1<\/td>\n<\/tr>\n<tr style=\"height: 24px;\">\n<td style=\"height: 24px; width: 354.333px;\">Cafe Mertens<\/td>\n<td style=\"height: 24px; width: 354.333px;\">05255 207<\/td>\n<td style=\"height: 24px; width: 354.333px;\">Christian-Sch\u00fctze-Str. 1<\/td>\n<\/tr>\n<tr style=\"height: 24px;\">\n<td style=\"height: 24px; width: 354.333px;\">Bistro \u00a0Molin<\/td>\n<td style=\"height: 24px; width: 354.333px;\"><\/td>\n<td style=\"height: 24px; width: 354.333px;\">Adenauerstr. 64<\/td>\n<\/tr>\n<tr style=\"height: 24px;\">\n<td style=\"height: 24px; width: 354.333px;\">Taubenranch\u00a0 Keuter<\/td>\n<td style=\"height: 24px; width: 354.333px;\">05255 932374<\/td>\n<td style=\"height: 24px; width: 354.333px;\">Schwaneyer Str. 6, Buke<\/td>\n<\/tr>\n<\/tbody>\n<\/table>\n<p>[\/et_pb_blurb][\/et_pb_column][\/et_pb_row][et_pb_row admin_label=&#8220;Shopping&#8220; _builder_version=&#8220;4.18.0&#8243; _module_preset=&#8220;default&#8220; global_colors_info=&#8220;{}&#8220;][et_pb_column type=&#8220;4_4&#8243; _builder_version=&#8220;4.18.0&#8243; _module_preset=&#8220;default&#8220; global_colors_info=&#8220;{}&#8220;][et_pb_divider color=&#8220;#12876f&#8220; _builder_version=&#8220;4.18.0&#8243; _module_preset=&#8220;default&#8220; global_colors_info=&#8220;{}&#8220;][\/et_pb_divider][et_pb_blurb title=&#8220;B\u00e4ckereien &#038; Gesch\u00e4fte &#8220; use_icon=&#8220;on&#8220; font_icon=&#8220;&#xf07a;||fa||900&#8243; icon_color=&#8220;#12876F&#8220; content_max_width=&#8220;1100px&#8220; module_id=&#8220;Einkaufen&#8220; _builder_version=&#8220;4.18.0&#8243; _module_preset=&#8220;default&#8220; header_font=&#8220;|600|||||||&#8220; text_orientation=&#8220;center&#8220; global_colors_info=&#8220;{}&#8220;]<\/p>\n<table style=\"height: 242px; border-style: none; width: 792px;\" width=\"792\" height=\"242\">\n<tbody>\n<tr>\n<td style=\"width: 256.667px;\">B\u00e4ckerei Mertens<\/td>\n<td style=\"width: 256.667px;\"><\/td>\n<td style=\"width: 256.667px;\">Adenauerstr.<\/td>\n<\/tr>\n<tr>\n<td style=\"width: 256.667px;\">B\u00e4ckerei Goecken\u00a0 \/ im\u00a0 Rewe Nahkauf<\/td>\n<td style=\"width: 256.667px;\"><\/td>\n<td style=\"width: 256.667px;\">H\u00fcttenstr. 7<\/td>\n<\/tr>\n<tr>\n<td style=\"width: 256.667px;\">Backshop im Netto<\/td>\n<td style=\"width: 256.667px;\"><\/td>\n<td style=\"width: 256.667px;\">Adenauerstr.<\/td>\n<\/tr>\n<tr>\n<td style=\"width: 256.667px;\">Markant<\/td>\n<td style=\"width: 256.667px;\"><\/td>\n<td style=\"width: 256.667px;\">H\u00fcttenstr. 7<\/td>\n<\/tr>\n<tr>\n<td style=\"width: 256.667px;\">Minipreis<\/td>\n<td style=\"width: 256.667px;\"><\/td>\n<td style=\"width: 256.667px;\">Otthagen\u00a0\u00a0 3\u00a0\u00a0\u00a0\u00a0\u00a0\u00a0\u00a0\u00a0\u00a0 ( Buke )<\/td>\n<\/tr>\n<tr>\n<td style=\"width: 256.667px;\">Aldi<\/td>\n<td style=\"width: 256.667px;\"><\/td>\n<td style=\"width: 256.667px;\">H\u00fcttenstr. 67<\/td>\n<\/tr>\n<tr>\n<td style=\"width: 256.667px;\">Netto<\/td>\n<td style=\"width: 256.667px;\"><\/td>\n<td style=\"width: 256.667px;\">Adenauerstr.<\/td>\n<\/tr>\n<\/tbody>\n<\/table>\n<p>[\/et_pb_blurb][\/et_pb_column][\/et_pb_row][et_pb_row admin_label=&#8220;Tanken&#8220; _builder_version=&#8220;4.18.0&#8243; _module_preset=&#8220;default&#8220; global_colors_info=&#8220;{}&#8220;][et_pb_column type=&#8220;4_4&#8243; _builder_version=&#8220;4.18.0&#8243; _module_preset=&#8220;default&#8220; global_colors_info=&#8220;{}&#8220;][et_pb_divider color=&#8220;#12876f&#8220; _builder_version=&#8220;4.18.0&#8243; _module_preset=&#8220;default&#8220; global_colors_info=&#8220;{}&#8220;][\/et_pb_divider][et_pb_blurb title=&#8220;Banken &#038; Sparkassen&#8220; use_icon=&#8220;on&#8220; font_icon=&#8220;&#xf19c;||fa||900&#8243; icon_color=&#8220;#12876F&#8220; content_max_width=&#8220;1100px&#8220; module_id=&#8220;Banken&#8220; _builder_version=&#8220;4.18.0&#8243; _module_preset=&#8220;default&#8220; header_font=&#8220;|600|||||||&#8220; text_orientation=&#8220;center&#8220; global_colors_info=&#8220;{}&#8220;]<\/p>\n<table style=\"border-style: none;\">\n<tbody>\n<tr>\n<td width=\"205\">Sparkasse<\/td>\n<td width=\"205\"><\/td>\n<td width=\"205\">Adenauerstr. 60<\/td>\n<\/tr>\n<tr>\n<td width=\"205\">Volksbank<\/td>\n<td width=\"205\"><\/td>\n<td width=\"205\">Adenauerstr. 61<\/td>\n<\/tr>\n<\/tbody>\n<\/table>\n<p>[\/et_pb_blurb][\/et_pb_column][\/et_pb_row][et_pb_row admin_label=&#8220;Apotheke&#8220; _builder_version=&#8220;4.18.0&#8243; _module_preset=&#8220;default&#8220; global_colors_info=&#8220;{}&#8220;][et_pb_column type=&#8220;4_4&#8243; _builder_version=&#8220;4.18.0&#8243; _module_preset=&#8220;default&#8220; global_colors_info=&#8220;{}&#8220;][et_pb_divider color=&#8220;#12876f&#8220; _builder_version=&#8220;4.18.0&#8243; _module_preset=&#8220;default&#8220; global_colors_info=&#8220;{}&#8220;][\/et_pb_divider][et_pb_blurb title=&#8220;Tankstellen im Ort&#8220; use_icon=&#8220;on&#8220; font_icon=&#8220;&#xf52f;||fa||900&#8243; icon_color=&#8220;#12876F&#8220; content_max_width=&#8220;1100px&#8220; module_id=&#8220;Tanken&#8220; _builder_version=&#8220;4.18.0&#8243; _module_preset=&#8220;default&#8220; header_font=&#8220;|600|||||||&#8220; text_orientation=&#8220;center&#8220; global_colors_info=&#8220;{}&#8220;]<\/p>\n<table style=\"border-style: none;\">\n<tbody>\n<tr style=\"border-style: none;\">\n<td style=\"width: 209px;\">Tankstelle Sauerwald<\/td>\n<td style=\"width: 209px;\"><\/td>\n<td style=\"width: 209px;\">Adenauerstr. 1a<\/td>\n<\/tr>\n<\/tbody>\n<\/table>\n<p>[\/et_pb_blurb][et_pb_divider color=&#8220;#12876f&#8220; _builder_version=&#8220;4.18.0&#8243; _module_preset=&#8220;default&#8220; global_colors_info=&#8220;{}&#8220;][\/et_pb_divider][et_pb_blurb title=&#8220;\u00c4rzte und Apotheken&#8220; use_icon=&#8220;on&#8220; font_icon=&#8220;&#xf0f0;||fa||900&#8243; icon_color=&#8220;#12876F&#8220; content_max_width=&#8220;1100px&#8220; module_id=&#8220;Apotheken&#8220; _builder_version=&#8220;4.18.0&#8243; _module_preset=&#8220;default&#8220; header_font=&#8220;|600|||||||&#8220; text_orientation=&#8220;center&#8220; global_colors_info=&#8220;{}&#8220;]<\/p>\n<p style=\"text-align: justify;\">F\u00fcr die \u00e4rztliche Versorgung stehen mehrere Allgemein\u00e4rzte und Zahn\u00e4rzte zur Verf\u00fcgung. Eine genaue Liste mit weiteren wichtigen Telefonnummern und Adressen liegt in der Ferienwohnung aus.<\/p>\n<p>[\/et_pb_blurb][\/et_pb_column][\/et_pb_row][\/et_pb_section]<\/p>\n","protected":false},"excerpt":{"rendered":"<p>Willkommen in Altenbeken In Altenbeken finden Sie zahlreiche Freizeitm\u00f6glichkeiten und auch eine umfangreiche Nahversorgung.\u00dcberregional bekannt ist Altenbeken unter anderem durch das alle 2 Jahre stattfindende Vivat Viadukt Fest. Diese Veranstaltung lockt Eisenbahnfans aus dem gesamten Bundesgebiet und den Nachbarl\u00e4ndern in unsere StadtWer gerne ein paar Runden schwimmen m\u00f6chte, findet im Hallenbad Altenbeken sein Gl\u00fcck. Leider [&hellip;]<\/p>\n","protected":false},"author":2,"featured_media":0,"parent":0,"menu_order":0,"comment_status":"closed","ping_status":"closed","template":"","meta":{"_et_pb_use_builder":"on","_et_pb_old_content":"","_et_gb_content_width":"","footnotes":""},"class_list":["post-233","page","type-page","status-publish","hentry"],"_links":{"self":[{"href":"https:\/\/schuenemann-ferienwohnung.de\/index.php\/wp-json\/wp\/v2\/pages\/233","targetHints":{"allow":["GET"]}}],"collection":[{"href":"https:\/\/schuenemann-ferienwohnung.de\/index.php\/wp-json\/wp\/v2\/pages"}],"about":[{"href":"https:\/\/schuenemann-ferienwohnung.de\/index.php\/wp-json\/wp\/v2\/types\/page"}],"author":[{"embeddable":true,"href":"https:\/\/schuenemann-ferienwohnung.de\/index.php\/wp-json\/wp\/v2\/users\/2"}],"replies":[{"embeddable":true,"href":"https:\/\/schuenemann-ferienwohnung.de\/index.php\/wp-json\/wp\/v2\/comments?post=233"}],"version-history":[{"count":85,"href":"https:\/\/schuenemann-ferienwohnung.de\/index.php\/wp-json\/wp\/v2\/pages\/233\/revisions"}],"predecessor-version":[{"id":1139,"href":"https:\/\/schuenemann-ferienwohnung.de\/index.php\/wp-json\/wp\/v2\/pages\/233\/revisions\/1139"}],"wp:attachment":[{"href":"https:\/\/schuenemann-ferienwohnung.de\/index.php\/wp-json\/wp\/v2\/media?parent=233"}],"curies":[{"name":"wp","href":"https:\/\/api.w.org\/{rel}","templated":true}]}}